{"id":731,"date":"2023-03-01T21:04:28","date_gmt":"2023-03-02T03:04:28","guid":{"rendered":"https:\/\/el-despertar.org\/?page_id=731"},"modified":"2024-01-17T01:04:13","modified_gmt":"2024-01-17T07:04:13","slug":"fluyendo-al-reino-de-la-intuicion","status":"publish","type":"page","link":"https:\/\/el-despertar.org\/index.php\/fluyendo-al-reino-de-la-intuicion\/","title":{"rendered":"Fluyendo hacia el Reino de la Intuici\u00f3n"},"content":{"rendered":"\n<figure class=\"wp-block-image size-large\"><img loading=\"lazy\" decoding=\"async\" width=\"846\" height=\"1024\" src=\"https:\/\/el-despertar.org\/wp-content\/uploads\/2023\/03\/Screenshot_2023-03-01-22-14-46-143-edit_com.instagram.android-846x1024.jpg\" alt=\"\" class=\"wp-image-750\" srcset=\"https:\/\/el-despertar.org\/wp-content\/uploads\/2023\/03\/Screenshot_2023-03-01-22-14-46-143-edit_com.instagram.android-846x1024.jpg 846w, https:\/\/el-despertar.org\/wp-content\/uploads\/2023\/03\/Screenshot_2023-03-01-22-14-46-143-edit_com.instagram.android-248x300.jpg 248w, https:\/\/el-despertar.org\/wp-content\/uploads\/2023\/03\/Screenshot_2023-03-01-22-14-46-143-edit_com.instagram.android-768x929.jpg 768w, https:\/\/el-despertar.org\/wp-content\/uploads\/2023\/03\/Screenshot_2023-03-01-22-14-46-143-edit_com.instagram.android-600x726.jpg 600w, https:\/\/el-despertar.org\/wp-content\/uploads\/2023\/03\/Screenshot_2023-03-01-22-14-46-143-edit_com.instagram.android-50x60.jpg 50w, https:\/\/el-despertar.org\/wp-content\/uploads\/2023\/03\/Screenshot_2023-03-01-22-14-46-143-edit_com.instagram.android-74x90.jpg 74w, https:\/\/el-despertar.org\/wp-content\/uploads\/2023\/03\/Screenshot_2023-03-01-22-14-46-143-edit_com.instagram.android.jpg 1080w\" sizes=\"auto, (max-width: 846px) 100vw, 846px\" \/><\/figure>\n\n\n\n<p>Al leer o escuchar el contenido de esta p\u00e1gina estas eligiendo conscientemente, recordando y avisando a cada una de tus partes, que puedes evolucionar m\u00e1s elegantemente a trav\u00e9s del amor y la alegr\u00eda.<\/p>\n\n\n\n<p class=\"has-medium-font-size\">Intuicion es el acto o la facultad de saber directamente sin el uso del proceso racional, no de entendimiento sino de saber, no de sacar conclusiones sino de saber que no se apoya en el proceso racional, por lo tanto la intuici\u00f3n es un saber no racional pero sin entender de como lo sabes, por que tan pronto como agreges el entendimiento de como llegaste a ese saber se convierte racional. Intuici\u00f3n es el saber espont\u00e1neo que precede y sigue al entendimiento. Es no-espacial, no-secuencial y no-linear. Es un todo sinergetico que es mas que la suma de partes que no existen. <\/p>\n\n\n\n<p class=\"has-medium-font-size\">El reino que prefija y sufija la manifestaci\u00f3n o el plano f\u00edsico. Lo importante en estas definiciones es que la intuici\u00f3n es un estado de saber que precede tu entendimiento, precede el pensamiento racional, precede logica y racionalidad y todo ese genial complemento, y la intuici\u00f3n sigue despu\u00e9s de que hayas completado tu pensamiento racional, intuici\u00f3n lo sigue, hace ambas cosas precede y sigue y por lo tanto encapsula al pensamiento racional. El pensamiento racional es parte de la intuici\u00f3n, la intuici\u00f3n no es parte del pensamiento racional. <\/p>\n\n\n\n<p class=\"has-medium-font-size\">Es importante entender de la intuici\u00f3n que es lo que es, saber espontaneamente, donde se encuentra, precidiendo y siguiendo la racionalidad, precidiendo y siguiendo la fisicalidad, pero no como es. Es un saber espontaneo que precede y sigue al pensamiento racional que viene de un reino que sufija y prefija la fisicalidad.<\/p>\n\n\n\n<p class=\"has-medium-font-size\">Para entenderla debemos de hechar un vistazo muy r\u00e1pido al proceso racional, la racionalidad es algo que se a exparcido a todos lados, es practicamente una estampilla de goma, todo lo que te gusta es racional o l\u00f3gico y todo lo que no te gusta es irracional o il\u00f3gico, todo lo que entiendes racional y lo que no irracional, todo lo que te sirve racional y lo que no irracional.<\/p>\n\n\n\n<p class=\"has-medium-font-size\">La estructura de la racionalidad se aplica cuando sus 4 condiciones se cumplen. <\/p>\n\n\n\n<p class=\"has-medium-font-size\">1. Para que la racionalidad sea \u00fatil tienes que ser capaz de predecir y controlar todas las variables. <\/p>\n\n\n\n<p class=\"has-medium-font-size\">2. Debes de ser capaz de medir cuantitativamente la circunstancia la situaci\u00f3n. <\/p>\n\n\n\n<p class=\"has-medium-font-size\">3. Debes de ser capaz de definir las variables con exactitud. <\/p>\n\n\n\n<p class=\"has-medium-font-size\">4. Debes de tener informaci\u00f3n completa y adecuada, es importante que vayan juntas por que puedes tener informaci\u00f3n de algo pero no es adecuada, puedes agregar informaci\u00f3n adecuada pero no esta completa, por lo tanto es inadecuada. Tienes que tener las dos cosas informaci\u00f3n completa y adecuada, as\u00ed y solo as\u00ed la racionalidad es una respuesta apropiada. Eso podr\u00eda funcionar en un laboratorio donde las condiciones arriba mencionadas son cumplidas, si alguna de las condiciones no se cumplen no podr\u00e1s ser racional. Esto en si es el proceso de la racionalidad.<\/p>\n\n\n\n<p class=\"has-medium-font-size\">Las herramientas de de la racionalidad son primero que nada la l\u00f3gica deductiva, la l\u00f3gica inductiva, tambi\u00e9n es usar el tiempo como una funci\u00f3n lineal no como tu sirviente, la racionalidad solo aplica en el tiempo presente, el espacio como una comodidad estable y restringida, existe pero es limitado al ahora, basado en la autoridad del pasado absolutamente, muy seguido la autoridad suprema, y causa y efecto es real y dada, como si fuera de alguna manera v\u00e1lida, cuando la gente dice el karma es causa y efecto que es algo totalmente equivocado, una definici\u00f3n mas precisa es acci\u00f3n, te auto-impones el karma por lo tanto es una elecci\u00f3n, no causa y efecto como una obligaci\u00f3n y ahora por supuesto lo absoluto del colectivo inconsciente como la base de la verdad, no puedes caminar a trav\u00e9s de la pared eso es parte del colectivo inconsciente y es dado como verdad, por que todo el mundo lo cree, si no sabias eso entonces podr\u00edas caminar a trav\u00e9s de la pared, pero con el &#8220;acto divino&#8221; del inconsciente colectivo tu no podr\u00e1s (jajaja).<\/p>\n\n\n\n<p class=\"has-medium-font-size\">El proceso intuitivo es todo lo dem\u00e1s, es cuando no tienes la habilidad de predecir y controlar las variables, cuando no puedes definirlo cuantitativamente, cuando no puedes definirlo en ves medirlo cuantitativamente, cuando no puedes definirlo exactamente, y cuando no tienes informaci\u00f3n adecuada o informaci\u00f3n completa, entonces el proceso de desici\u00f3n, el proceso de opci\u00f3n, el proceso de acci\u00f3n, es el proceso de la intuici\u00f3n. Todos son intuitivos, solo que no lo sabias. Para la mayor\u00eda de las desiciones tienes informaci\u00f3n inadecuada, una completa carencia de control y predictibilidad y no son medibles o definibles, mucho de lo que haces es por lo tanto por definici\u00f3n parte de ese proceso intuitivo, tu solo lo niegas y le pones el estampado de racional y sencillamente sigues tu camino no profundizas en el significado.<\/p>\n\n\n\n<p class=\"has-medium-font-size\">Las herramientas de la intuici\u00f3n es lo que precede y sigue a la l\u00f3gica, aquello que precede y sigue el tiempo, el espacio, la causa y efecto y el inconsciente colectivo. La intuici\u00f3n es no-espacial, no-secuencial, no-lineal, es sinerg\u00e9sica, el todo, que es la intuici\u00f3n, es m\u00e1s que la suma de sus partes que no existen. Intuici\u00f3n es saber, por lo tanto es correcto, tiene que ser correcto, si tienes un chispazo de intuici\u00f3n y resulta ser que estaba equivocado entonces no era intuici\u00f3n, no es saber espont\u00e1neo que precede y sigue lo que sea, es algo que esta simplemente mal. Entrena y sigue al pensamiento racional.<\/p>\n\n\n\n<p class=\"has-medium-font-size\">El pensamiento intuitivo viene de un reino que existe fuera de tu fisicalidad, y o lo precede o lo sigue, como todo el tiempo es simult\u00e1neo, aquello que precede y aquello que sigue, la fisicalidad ya esta ah\u00ed, para ser intuici\u00f3n tiene que ser correcto, y tambi\u00e9n tiene que venir con ciertas paradojas como funciona afuera del tiempo, una es que lo anticipas, es importante que lo anticipes y estes abierto a las intuiciones, pero no esperarlo, por lo tanto anticiparlo y cuando llegue ser\u00e1 totalmente espont\u00e1neo e inesperado, no puedes predecir que vas a tener una intuici\u00f3n el siguiente minuto, puedo anticipar una intuici\u00f3n que llegue, pero cuando lo haga sera una sorpresa total una cosa totalmente espont\u00e1nea, pero no lo esperaba. La intuici\u00f3n viene de adentro de ti, no viaja por el espacio y llega, es como la creatividad tienes que generarla dentro, aparece de alg\u00fan lugar dentro de ti, un flash, un destello, una chispa, una explosi\u00f3n, algo que llego a mi, aunque siempre estuvo en mi. Tienes que estar abierto a recibirla, tienes que estar dispuesto a tenerla, tienes que permitir que tus ojos y oidos f\u00edsicos y metaf\u00edsicos esten abiertos a la intuici\u00f3n, es autogenerada y aun as\u00ed te sucede a ti, cuando te pega un flashazo de intuici\u00f3n, tu lo sientes sensualmente, emocionalmente y lo sabes sin duda alguna, es como un bang y ya esta ahi, no es como me pongo a pensar, crees que eso es correcto, suena bien me pregunto si ser\u00e1 cierto, es tan solida que es verdad, y te pasa a ti aunque tu mismo la autogeneraste, es una intima actividad que es totalmente incomponente y acogedora y aun asi al mismo tiempo parece disosciativa y objetiva, no tengo ninguna inversi\u00f3n en esta intuici\u00f3n, solamente es, estoy desasociado de eso, estoy deslindado de eso, sin involucrarme y sin embargo intimo al mismo tiempo. Eso es tambi\u00e9n muy importatne al proceso intuitivo, el proceso intuitivo es todo lo que el proceso racional no es, es correcto, contiene estas particulares paradojas y es un estado de saber, saber interno, saber externo, saber superior, saber inferior, cualquier saber.<\/p>\n\n\n\n<p class=\"has-medium-font-size\">La intuici\u00f3n se desarrolla comenzando por ver la personalidad que esta en la gente que ya han tomado la desici\u00f3n de ser intuitivos, por que la gente intuitiva tiene ciertos rasgos, ciertas formas de ser en su personalidad para detectarlos como si estuvieras buscando extraterrestres que est\u00e1n entre ustedes, la persona que es intuitiva tiene ciertos rasgos en su personalidad y es importante entender esto por que parte del desarrollo de tu propia intuici\u00f3n es adoptar algunos de estos rasgos de personalidad, no todos pero algunos, cuando menos la mayor\u00eda de ellos, lo ideal ser\u00edan todos los rasgos que mencionaremos.<\/p>\n\n\n\n<p class=\"has-medium-font-size\">El primero es la personalidad\/imagen de ser \u00fanico, original, diferente y sentirte agusto con esa originalidad, no una rareza, extra\u00f1a, pero mas bien \u00fanico. Que seas \u00fanico y te guste, y te sientas c\u00f3modo con eso. No lo finjas no lo adaptes pensando que de mi es unico, no as\u00ed no, simplemente se \u00fanico. <\/p>\n\n\n\n<p class=\"has-medium-font-size\">El segundo rasgo en una persona intuitiva en su personalidad es que tiende a ser mas naturalmente, mas autom\u00e1ticamente, mas aceptadamente y eso es su auto-confianza, ellos saben que pueden apoyarse en ellos mismos, y son agresivamente seguros de si mismos y saben que pueden usar esa auto-confianza para impulsarse hacia adelante, por lo tanto la auto- confianza\/ la auto-confianza agresiva es una cualidad que se nota en una persona con personalidad intuitiva. <\/p>\n\n\n\n<p class=\"has-medium-font-size\">El tercer rasgo es que una persona que es intuitiva tiene la caracter\u00edstica de ser \u00edntimo con conceptos o ideas abstractas, una cosa es ser intimo con otra persona, en muchas formas, pero llegan derrepente \u00edntimos con una idea, \u00edntimos con un concepto, \u00edntimos con la abstracci\u00f3n, el abarcarlo, el ser intimo con eso, el ser uno con eso, es muy importante en una persona que se esta abriendo y\/o se abri\u00f3 a la intuici\u00f3n, por lo tanto intimidad e intrincaci\u00f3n. <\/p>\n\n\n\n<p class=\"has-medium-font-size\">El cuarto rasgo de la personalidad es la de ser valiente y compasional, estos 2 en un cierto nivel son casi intercambiables, valiente y compasional, compasional tiene que ver con un intenso envolvimiento, espont\u00e1neo e intenso y de alguna manera en silencio y la valent\u00eda entra ah\u00ed, ellos son callados al respecto, no necesitan decirte que grandiosos son, que importantes son, no necesitan decirte, valiente, tener valent\u00eda, y por supuesto que hay riesgos, pero no vas a darte cuenta de que la intuici\u00f3n es realmente una intuici\u00f3n hasta que ya esta hecha, podr\u00eda ser una elecci\u00f3n incorrecta. Para corresponder con el tercer punto de esta personalidad, asi como tambi\u00e9n teniendo las particulares cualidades ah\u00ed, el quinto rasgo es que es muy auto-actualizable, expresivos con sus sentimientos, dispuestos a sentir da\u00f1o, dispuestos a sentir enojo, dispuestos a sentir alegr\u00eda, dispuestos a sentir amor, es muchas veces mas dif\u00edcil sentir las emociones positivas que las negativas, son de diferentes tipos de realidades, la personalidad de alguien que es intuitivo es que es muy auto-actualizable, una persona auto-actualizable. <\/p>\n\n\n\n<p class=\"has-medium-font-size\">El sexto rasgo corresponde a que la persona intuitiva es muy autosuficiente, muy independiente, esto es mas que tener confianza en si mismos, es mas de solamente actuar desde esa confianza, ellos son independientes. Ser independiente, ser apto de funcionar independientemente, siempre apoy\u00e1ndose en si mismos, yo puedo hacerme feliz, yo puedo hacer cosas que gozo, puedo apoyarme en mi mismo, soy independiente no dependo de nadie mas para hacer algo, podr\u00eda preferir ir al cine contigo pero soy totalmente capaz de ir por mi mismo. <\/p>\n\n\n\n<p class=\"has-medium-font-size\">Y finalmente el s\u00e9ptimo rasgo es que ellos son personas muy espont\u00e1neas, refiri\u00e9ndome a esa originalidad, ellos tienden a actuar, a pensar, a funcionar con un alto nivel de espontaneidad.<\/p>\n\n\n\n<p class=\"has-medium-font-size\">Si quieres ser mas intuitivo, te aconsejamos seguir los siguientes 7 puntos.<\/p>\n\n\n\n<p class=\"has-medium-font-size\">El primer punto es que tienes que comenzar a desarrollar esas cualidades de la personalidad intuitiva, lo que significa que tomes tu imagen y la estires hasta incorporar esos conceptos particulares, no la palabra, el sentimiento, la experiencia, haciendo y siendo todos o cuando menos 4 de los 7, integrar esas cualidades particulares a tu personalidad, no para demostr\u00e1rselo a otra gente, sino para ser eso tu mismo, ese es el primer paso. <\/p>\n\n\n\n<p class=\"has-medium-font-size\">Segundo, cuando quieres ser particularmente intuitivo en algo, enfocar o apuntar tu intuici\u00f3n, es expandir tu cerebro, ejerc\u00edtalo, expandir y contraer es un musculo, arrugar la corteza con el prop\u00f3sito de crear mas espacio para conocimiento que ese conocimiento llenar\u00e1. Todas las partes del cerebro trabajan para generar la intuici\u00f3n, es un organo totalmente enfocado al futuro, se moldea, trabaja sobre el futuro no el pasado, tu eres el que se preocupa del pasado, al cerebro no le importa el pasado, ni siquiera sabe que existe, el tiempo no es una realidad para tu cerebro, tu cerebro esta totalmente enfocado en el futuro, asi como tu estructura del ADN esta constantemente interactuando con el futuro, no tiene nada que ver con el pasado, y tiene todo que ver con el futuro, el cerebro funciona en esa forma, la forma reticular, la porci\u00f3n mas vieja, se expandi\u00f3 al l\u00edmbico y entonces se desarroll\u00f3 un como hongo gigante y arriba de este lo que es la corteza cerebral y despu\u00e9s el l\u00f3bulo frontal, el area en la zona frontal. Esto se enfoca en el futuro, planeando, organizando y poniendo junto, siempre tratando de intuir, tratando de ps\u00edquicamente entonar, tratando de saber, usando por ende la comunicaci\u00f3n con el l\u00edmbico que esta en el centro del cerebro, y la actividad de la ret\u00edcula, la corteza cerebral es encargada de la mayor\u00eda de las funciones diarias, pero tambi\u00e9n estan involucradas en extraer informaci\u00f3n en el l\u00f3bulo frontal, para ser intuitivo tienes que tener un l\u00f3bulo frontal activo, lo puedes estimular, si\u00e9ntelo ejercit\u00e1ndose expandi\u00e9ndose, movi\u00e9ndose, luego esta la corteza si\u00e9ntelo expandi\u00e9ndose y contray\u00e9ndose, uno despu\u00e9s el otro. Ejerc\u00edtalo como el musculo que es, como ejercitar\u00edas cualquier musculo del cuerpo, y despu\u00e9s el l\u00edmbico, expandi\u00e9ndose y encogi\u00e9ndose, eso incrementar\u00e1 el estar consciente de tu glandula pineal y despu\u00e9s de la pituitaria tambi\u00e9n ayudar\u00e1, la glandula pineal es la antena con lo espiritual, es la que hace la interconexi\u00f3n por lo tanto es el portal por el cual la intuici\u00f3n pasa, es tu antena, y estimularla har\u00e1 que vuelva a su fuerza a su poder. <\/p>\n\n\n\n<p class=\"has-medium-font-size\">El tercer punto es hacer una lluvia de ideas intuitivas sobre algo que desees saber, piensa en todas las posibilidades, despu\u00e9s haces la lluvia de ideas verbal, aunque estes solo, habla contigo mismo, y entonces escribe las ideas de tu lluvia de ideas cerebrales, por que eso hace que tu cerebro dispare ciertas neuronas que hacen que estimule la intuici\u00f3n, el escribirlo es esencial por que activa los electrolitos en el cerebro y sus diferentes corrientes para preparar un ambiente donde la intuici\u00f3n llega m\u00e1s rapido, entonces escribes tu lluvia de ideas, y de eso seguido tendr\u00e1s un puff, un splash, de entendimiento, una explosi\u00f3n de intuici\u00f3n. <\/p>\n\n\n\n<p class=\"has-medium-font-size\">Como cuarto paso, medita, en un lugar, ve ahi, y pregunta a la intuici\u00f3n, quiero una respuesta a esto, a que hago ahora con mi espiritualidad, con el trabajo, con mi pareja, con este problema, etc. <\/p>\n\n\n\n<p class=\"has-medium-font-size\">Como quinto paso, pon atenci\u00f3n, pon atenci\u00f3n a los susurros, tu creaste el ambiente, el magnetismo que esta atrayendo ese saber eso te llegara espont\u00e1neamente sin que te percates de ello aunque tu mismo lo est\u00e9s generando, ve alrededor, se un detective. <\/p>\n\n\n\n<p class=\"has-medium-font-size\">Como sexto paso, act\u00faa sobre las intuiciones que recibes, comienza con peque\u00f1as intuiciones, act\u00faa, act\u00faa, act\u00faa, sobre las peque\u00f1as intuiciones avanzando a m\u00e1s grandes poco a poco. <\/p>\n\n\n\n<p class=\"has-medium-font-size\">Y finalmente el ultimo paso es que honestamente esperes la intuici\u00f3n.<\/p>\n\n\n\n<p class=\"has-medium-font-size\">De esta manera se crear\u00e1 tu comuni\u00f3n con Dios\/Diosa\/Todo Lo Que Es.  Tambi\u00e9n trabaja en crear las bases, y participar\u00e1s en la creaci\u00f3n de ese futuro activamente.<\/p>\n","protected":false},"excerpt":{"rendered":"<p>Al leer o escuchar el contenido de esta p\u00e1gina estas eligiendo conscientemente, recordando y avisando a cada una de tus partes, que puedes evolucionar m\u00e1s elegantemente a trav\u00e9s del amor y la alegr\u00eda. Intuicion es el acto o la facultad de saber directamente sin el uso del proceso racional, no de entendimiento sino de saber, <a href=\"https:\/\/el-despertar.org\/index.php\/fluyendo-al-reino-de-la-intuicion\/\" rel=\"nofollow\"><span class=\"sr-only\">Read more about Fluyendo hacia el Reino de la Intuici\u00f3n<\/span>[&hellip;]<\/a><\/p>\n","protected":false},"author":2,"featured_media":0,"parent":0,"menu_order":0,"comment_status":"closed","ping_status":"closed","template":"","meta":{"footnotes":""},"class_list":["post-731","page","type-page","status-publish","hentry"],"_links":{"self":[{"href":"https:\/\/el-despertar.org\/index.php\/wp-json\/wp\/v2\/pages\/731","targetHints":{"allow":["GET"]}}],"collection":[{"href":"https:\/\/el-despertar.org\/index.php\/wp-json\/wp\/v2\/pages"}],"about":[{"href":"https:\/\/el-despertar.org\/index.php\/wp-json\/wp\/v2\/types\/page"}],"author":[{"embeddable":true,"href":"https:\/\/el-despertar.org\/index.php\/wp-json\/wp\/v2\/users\/2"}],"replies":[{"embeddable":true,"href":"https:\/\/el-despertar.org\/index.php\/wp-json\/wp\/v2\/comments?post=731"}],"version-history":[{"count":35,"href":"https:\/\/el-despertar.org\/index.php\/wp-json\/wp\/v2\/pages\/731\/revisions"}],"predecessor-version":[{"id":1157,"href":"https:\/\/el-despertar.org\/index.php\/wp-json\/wp\/v2\/pages\/731\/revisions\/1157"}],"wp:attachment":[{"href":"https:\/\/el-despertar.org\/index.php\/wp-json\/wp\/v2\/media?parent=731"}],"curies":[{"name":"wp","href":"https:\/\/api.w.org\/{rel}","templated":true}]}}