{"id":375,"date":"2020-01-06T20:52:07","date_gmt":"2020-01-06T20:52:07","guid":{"rendered":"http:\/\/el-despertar.org\/?page_id=375"},"modified":"2023-06-28T14:18:38","modified_gmt":"2023-06-28T20:18:38","slug":"fluyendo-hacia-el-anillo","status":"publish","type":"page","link":"https:\/\/el-despertar.org\/index.php\/fluyendo-hacia-el-anillo\/","title":{"rendered":"Fluyendo hacia el Anillo"},"content":{"rendered":"\n<div class=\"wp-block-themeisle-blocks-advanced-columns has-1-columns has-desktop-equal-layout has-tablet-equal-layout has-mobile-equal-layout has-default-gap has-vertical-unset\" id=\"wp-block-themeisle-blocks-advanced-columns-ba2f9b61\"><div class=\"wp-block-themeisle-blocks-advanced-columns-overlay\"><\/div><div class=\"innerblocks-wrap\">\n\n<div class=\"wp-block-themeisle-blocks-advanced-column\" id=\"wp-block-themeisle-blocks-advanced-column-a70cca47\">\n\n<figure class=\"wp-block-image size-large is-resized is-style-default\"><img loading=\"lazy\" decoding=\"async\" src=\"http:\/\/el-despertar.org\/wp-content\/uploads\/2020\/01\/WhatsApp-Image-2020-01-06-at-2.50.52-PM-1024x802.jpeg\" alt=\"\" class=\"wp-image-376\" width=\"512\" height=\"401\" srcset=\"https:\/\/el-despertar.org\/wp-content\/uploads\/2020\/01\/WhatsApp-Image-2020-01-06-at-2.50.52-PM-1024x802.jpeg 1024w, https:\/\/el-despertar.org\/wp-content\/uploads\/2020\/01\/WhatsApp-Image-2020-01-06-at-2.50.52-PM-300x235.jpeg 300w, https:\/\/el-despertar.org\/wp-content\/uploads\/2020\/01\/WhatsApp-Image-2020-01-06-at-2.50.52-PM-768x601.jpeg 768w, https:\/\/el-despertar.org\/wp-content\/uploads\/2020\/01\/WhatsApp-Image-2020-01-06-at-2.50.52-PM-600x470.jpeg 600w, https:\/\/el-despertar.org\/wp-content\/uploads\/2020\/01\/WhatsApp-Image-2020-01-06-at-2.50.52-PM.jpeg 1280w\" sizes=\"auto, (max-width: 512px) 100vw, 512px\" \/><\/figure>\n\n<\/div>\n\n<\/div><\/div>\n\n\n\n<p>Al leer o escuchar el contenido de esta p\u00e1gina estas eligiendo conscientemente, recordando y avisando a cada una de tus partes,que puedes evolucionar m\u00e1s elegantemente a trav\u00e9s del amor y la alegr\u00eda.<\/p>\n\n\n\n<p class=\"has-medium-font-size\">La persona que desee ayudarse en su camino con un anillo hecho a su medida con los metales correspondientes de su prop\u00f3sito divino para ayudar a alinear su cuerpo f\u00edsico y su ser con el mismo, lo puede solicitar, este anillo ayuda a protegerte de contaminaciones electromagn\u00e9ticas y energ\u00edas de baja frecuencia (negativas) que te impiden fluir m\u00e1s elegantemente en tu crecimiento personal. Se hace un chequeo de la persona y posteriormente se manda hacer el anillo con los metales correspondientes. Una vez terminado se ancla la sabidur\u00eda del alma correspondiente en el anillo.<\/p>\n\n\n\n<p class=\"has-medium-font-size\">Usar el anillo en diferentes dedos de la mano tiene las siguientes funciones:<\/p>\n\n\n\n<ul class=\"wp-block-list\">\n<li>Pulgar: Te ayuda a proyectar energ\u00eda.<\/li>\n\n\n\n<li>\u00cdndice: Te ayuda a despertar dones ps\u00edquicos.<\/li>\n\n\n\n<li>Medio: Te ayuda a materializar proyectos, ser emprendedor.<\/li>\n\n\n\n<li>Anular: Te ayuda a sintonizar con el amor.<\/li>\n\n\n\n<li>Me\u00f1ique: Te ayuda a desarrollar el intelecto.<\/li>\n<\/ul>\n","protected":false},"excerpt":{"rendered":"<p>Al leer o escuchar el contenido de esta p\u00e1gina estas eligiendo conscientemente, recordando y avisando a cada una de tus partes,que puedes evolucionar m\u00e1s elegantemente a trav\u00e9s del amor y la alegr\u00eda. La persona que desee ayudarse en su camino con un anillo hecho a su medida con los metales correspondientes de su prop\u00f3sito divino <a href=\"https:\/\/el-despertar.org\/index.php\/fluyendo-hacia-el-anillo\/\" rel=\"nofollow\"><span class=\"sr-only\">Read more about Fluyendo hacia el Anillo<\/span>[&hellip;]<\/a><\/p>\n","protected":false},"author":2,"featured_media":0,"parent":0,"menu_order":0,"comment_status":"closed","ping_status":"closed","template":"","meta":{"footnotes":""},"class_list":["post-375","page","type-page","status-publish","hentry"],"_links":{"self":[{"href":"https:\/\/el-despertar.org\/index.php\/wp-json\/wp\/v2\/pages\/375","targetHints":{"allow":["GET"]}}],"collection":[{"href":"https:\/\/el-despertar.org\/index.php\/wp-json\/wp\/v2\/pages"}],"about":[{"href":"https:\/\/el-despertar.org\/index.php\/wp-json\/wp\/v2\/types\/page"}],"author":[{"embeddable":true,"href":"https:\/\/el-despertar.org\/index.php\/wp-json\/wp\/v2\/users\/2"}],"replies":[{"embeddable":true,"href":"https:\/\/el-despertar.org\/index.php\/wp-json\/wp\/v2\/comments?post=375"}],"version-history":[{"count":11,"href":"https:\/\/el-despertar.org\/index.php\/wp-json\/wp\/v2\/pages\/375\/revisions"}],"predecessor-version":[{"id":1124,"href":"https:\/\/el-despertar.org\/index.php\/wp-json\/wp\/v2\/pages\/375\/revisions\/1124"}],"wp:attachment":[{"href":"https:\/\/el-despertar.org\/index.php\/wp-json\/wp\/v2\/media?parent=375"}],"curies":[{"name":"wp","href":"https:\/\/api.w.org\/{rel}","templated":true}]}}