{"id":369,"date":"2020-01-06T20:49:42","date_gmt":"2020-01-06T20:49:42","guid":{"rendered":"http:\/\/el-despertar.org\/?page_id=369"},"modified":"2023-06-28T14:17:24","modified_gmt":"2023-06-28T20:17:24","slug":"fluyendo-a-la-integracion-del-ser-y-como-funciona","status":"publish","type":"page","link":"https:\/\/el-despertar.org\/index.php\/fluyendo-a-la-integracion-del-ser-y-como-funciona\/","title":{"rendered":"Fluyendo a la Integracion del Ser y Como Funciona"},"content":{"rendered":"\n<div class=\"wp-block-themeisle-blocks-advanced-columns has-1-columns has-desktop-equal-layout has-tablet-equal-layout has-mobile-equal-layout has-default-gap has-vertical-unset\" id=\"wp-block-themeisle-blocks-advanced-columns-2947b73d\"><div class=\"wp-block-themeisle-blocks-advanced-columns-overlay\"><\/div><div class=\"innerblocks-wrap\">\n\n<div class=\"wp-block-themeisle-blocks-advanced-column\" id=\"wp-block-themeisle-blocks-advanced-column-e07f3682\">\n\n<figure class=\"wp-block-image size-large is-style-default\"><img loading=\"lazy\" decoding=\"async\" width=\"920\" height=\"602\" src=\"http:\/\/el-despertar.org\/wp-content\/uploads\/2019\/12\/cq5dam.web_.1280.1280.jpeg\" alt=\"\" class=\"wp-image-47\" srcset=\"https:\/\/el-despertar.org\/wp-content\/uploads\/2019\/12\/cq5dam.web_.1280.1280.jpeg 920w, https:\/\/el-despertar.org\/wp-content\/uploads\/2019\/12\/cq5dam.web_.1280.1280-600x393.jpeg 600w, https:\/\/el-despertar.org\/wp-content\/uploads\/2019\/12\/cq5dam.web_.1280.1280-300x196.jpeg 300w, https:\/\/el-despertar.org\/wp-content\/uploads\/2019\/12\/cq5dam.web_.1280.1280-768x503.jpeg 768w\" sizes=\"auto, (max-width: 920px) 100vw, 920px\" \/><\/figure>\n\n<\/div>\n\n<\/div><\/div>\n\n\n\n<p>Al leer o escuchar el contenido de esta p\u00e1gina estas eligiendo conscientemente, recordando y avisando a cada una de tus partes, que puedes  evolucionar m\u00e1s elegantemente a trav\u00e9s del amor y la alegr\u00eda.<\/p>\n\n\n\n<p class=\"has-medium-font-size\">Siendo m\u00e1s el que realmente eres.<\/p>\n\n\n\n<p class=\"has-medium-font-size\">Imagina a una esfera dividida en 12 partes iguales parecido a la forma de los gajos de una naranja, 6 blancas y 6 negras, intercaladas manteniendo el equilibrio, y en el centro una esfera que es tu verdadero ser, la membrana exterior es tu yo superior y en la parte externa de la membrana est\u00e1 el esp\u00edritu y en la parte interna el alma, y de ah\u00ed al centro est\u00e1 tu inconsciente y todas tus vidas esparcidas con su consciente y subconsciente, y en el centro tu verdadero ser. Cuando hacemos la terapia, o cuando por tu cuenta alguna de tus partes toma consciencia se va integrando al centro, tu verdadero ser, y \u00e9ste va creciendo siendo m\u00e1s quien realmente eres hasta llegar a tener consciencia completa de quien eres y de esa manera seguir evolucionando eternamente.<\/p>\n\n\n\n<ul class=\"wp-block-list\">\n<li><\/li>\n<\/ul>\n\n\n\n<figure class=\"wp-block-video\"><video height=\"360\" style=\"aspect-ratio: 640 \/ 360;\" width=\"640\" controls src=\"https:\/\/el-despertar.org\/wp-content\/uploads\/2022\/11\/Integracion-del-Ser.mp4\"><\/video><\/figure>\n","protected":false},"excerpt":{"rendered":"<p>Al leer o escuchar el contenido de esta p\u00e1gina estas eligiendo conscientemente, recordando y avisando a cada una de tus partes, que puedes evolucionar m\u00e1s elegantemente a trav\u00e9s del amor y la alegr\u00eda. Siendo m\u00e1s el que realmente eres. Imagina a una esfera dividida en 12 partes iguales parecido a la forma de los gajos <a href=\"https:\/\/el-despertar.org\/index.php\/fluyendo-a-la-integracion-del-ser-y-como-funciona\/\" rel=\"nofollow\"><span class=\"sr-only\">Read more about Fluyendo a la Integracion del Ser y Como Funciona<\/span>[&hellip;]<\/a><\/p>\n","protected":false},"author":2,"featured_media":0,"parent":0,"menu_order":0,"comment_status":"closed","ping_status":"closed","template":"","meta":{"footnotes":""},"class_list":["post-369","page","type-page","status-publish","hentry"],"_links":{"self":[{"href":"https:\/\/el-despertar.org\/index.php\/wp-json\/wp\/v2\/pages\/369","targetHints":{"allow":["GET"]}}],"collection":[{"href":"https:\/\/el-despertar.org\/index.php\/wp-json\/wp\/v2\/pages"}],"about":[{"href":"https:\/\/el-despertar.org\/index.php\/wp-json\/wp\/v2\/types\/page"}],"author":[{"embeddable":true,"href":"https:\/\/el-despertar.org\/index.php\/wp-json\/wp\/v2\/users\/2"}],"replies":[{"embeddable":true,"href":"https:\/\/el-despertar.org\/index.php\/wp-json\/wp\/v2\/comments?post=369"}],"version-history":[{"count":13,"href":"https:\/\/el-despertar.org\/index.php\/wp-json\/wp\/v2\/pages\/369\/revisions"}],"predecessor-version":[{"id":1123,"href":"https:\/\/el-despertar.org\/index.php\/wp-json\/wp\/v2\/pages\/369\/revisions\/1123"}],"wp:attachment":[{"href":"https:\/\/el-despertar.org\/index.php\/wp-json\/wp\/v2\/media?parent=369"}],"curies":[{"name":"wp","href":"https:\/\/api.w.org\/{rel}","templated":true}]}}