{"id":267,"date":"2020-01-02T23:24:55","date_gmt":"2020-01-02T23:24:55","guid":{"rendered":"http:\/\/el-despertar.org\/?page_id=267"},"modified":"2023-03-30T16:15:13","modified_gmt":"2023-03-30T22:15:13","slug":"fluyendo-a-nuestra-vision","status":"publish","type":"page","link":"https:\/\/el-despertar.org\/index.php\/fluyendo-a-nuestra-vision\/","title":{"rendered":"Fluyendo a Nuestra Visi\u00f3n"},"content":{"rendered":"\n<figure class=\"wp-block-image size-large\"><img loading=\"lazy\" decoding=\"async\" width=\"1024\" height=\"635\" src=\"https:\/\/el-despertar.org\/wp-content\/uploads\/2020\/01\/WhatsApp-Image-2020-01-06-at-3.58.43-PM-1.jpeg\" alt=\"\" class=\"wp-image-446\" srcset=\"https:\/\/el-despertar.org\/wp-content\/uploads\/2020\/01\/WhatsApp-Image-2020-01-06-at-3.58.43-PM-1.jpeg 1024w, https:\/\/el-despertar.org\/wp-content\/uploads\/2020\/01\/WhatsApp-Image-2020-01-06-at-3.58.43-PM-1-300x186.jpeg 300w, https:\/\/el-despertar.org\/wp-content\/uploads\/2020\/01\/WhatsApp-Image-2020-01-06-at-3.58.43-PM-1-768x476.jpeg 768w, https:\/\/el-despertar.org\/wp-content\/uploads\/2020\/01\/WhatsApp-Image-2020-01-06-at-3.58.43-PM-1-600x372.jpeg 600w\" sizes=\"auto, (max-width: 1024px) 100vw, 1024px\" \/><\/figure>\n\n\n\n<p>Al leer el contenido de esta p\u00e1gina estas eligiendo conscientemente, y avisando a cada una de tus partes, evolucionar a trav\u00e9s del amor y la alegr\u00eda.<\/p>\n\n\n\n<p class=\"has-very-dark-gray-color has-text-color has-medium-font-size\">Que nuestra luz llegue a la mayor cantidad de seres hoy y siempre, y esta sea una gu\u00eda en el crecimiento individual hacia ser m\u00e1s qui\u00e9n realmente eres, ser tu mejor versi\u00f3n. Escogiendo como camino de crecimiento el amor y la alegr\u00eda.<\/p>\n","protected":false},"excerpt":{"rendered":"<p>Al leer el contenido de esta p\u00e1gina estas eligiendo conscientemente, y avisando a cada una de tus partes, evolucionar a trav\u00e9s del amor y la alegr\u00eda. Que nuestra luz llegue a la mayor cantidad de seres hoy y siempre, y esta sea una gu\u00eda en el crecimiento individual hacia ser m\u00e1s qui\u00e9n realmente eres, ser <a href=\"https:\/\/el-despertar.org\/index.php\/fluyendo-a-nuestra-vision\/\" rel=\"nofollow\"><span class=\"sr-only\">Read more about Fluyendo a Nuestra Visi\u00f3n<\/span>[&hellip;]<\/a><\/p>\n","protected":false},"author":2,"featured_media":0,"parent":0,"menu_order":0,"comment_status":"closed","ping_status":"closed","template":"","meta":{"footnotes":""},"class_list":["post-267","page","type-page","status-publish","hentry"],"_links":{"self":[{"href":"https:\/\/el-despertar.org\/index.php\/wp-json\/wp\/v2\/pages\/267","targetHints":{"allow":["GET"]}}],"collection":[{"href":"https:\/\/el-despertar.org\/index.php\/wp-json\/wp\/v2\/pages"}],"about":[{"href":"https:\/\/el-despertar.org\/index.php\/wp-json\/wp\/v2\/types\/page"}],"author":[{"embeddable":true,"href":"https:\/\/el-despertar.org\/index.php\/wp-json\/wp\/v2\/users\/2"}],"replies":[{"embeddable":true,"href":"https:\/\/el-despertar.org\/index.php\/wp-json\/wp\/v2\/comments?post=267"}],"version-history":[{"count":15,"href":"https:\/\/el-despertar.org\/index.php\/wp-json\/wp\/v2\/pages\/267\/revisions"}],"predecessor-version":[{"id":931,"href":"https:\/\/el-despertar.org\/index.php\/wp-json\/wp\/v2\/pages\/267\/revisions\/931"}],"wp:attachment":[{"href":"https:\/\/el-despertar.org\/index.php\/wp-json\/wp\/v2\/media?parent=267"}],"curies":[{"name":"wp","href":"https:\/\/api.w.org\/{rel}","templated":true}]}}